+ 2))?
3
Calculate (-1 - (-1 - 2)) + (5 - 9).
-2
What is -8 + (3 - (-6 - -5 - -1))?
-5
Evaluate -8 + (-7 - -6) + 1.
-8
What is -29 + 42 - (7 + -3)?
9
Calculate -7 + (-6 - (-8 + (-7 - 1))).
3
Evaluate -1 + 8 - (-1 - -7) - -2.
3
Calculate 0 - (8 - (7 + -7)).
-8
-3 - (0 + 4 + -9)
2
Calculate -5 - (-1 + 0) - -1.
-3
Calculate -5 - (9 - 3 - 6).
-5
1 - 1 - (2 - -1)
-3
What is 1 - 5 - ((4 - 8) + 1)?
-1
What is the value of -3 + (-2 - 2) + 0 + 2?
-5
What is the value of (0 - -2) + -5 + 8?
5
What is -1 + 6 + -4 + (2 - 2)?
1
(-2 - -6 - -1) + -2
3
What is the value of 1 - (0 + (8 - 4 - 2))?
-1
Evaluate (-4 - -7) + (-5 - (-2 - -1)).
-1
What is the value of 2 + (-9 - 2 - -4)?
-5
What is the value of 6 - 10 - -5 - (-3 - 1)?
5
Evaluate 6 + -7 + -9 + 5.
-5
-3 + 9 - (-4 + 12)
-2
Calculate 5 - (7 - 12 - -12).
-2
What is -3 + -7 + 4 + 4?
-2
Calculate -3 + 0 - 0 - (-3 - 1).
1
Calculate (1 - 4) + 8 + (5 - 6).
4
What is 13 + -17 + 5 + -2?
-1
Calculate 2 + -4 + -9 - (-7 - -1).
-5
Calculate 1 + -1 + (3 - (-4 - -4)).
3
Calculate 0 + (4 - 7) + (8 - 1).
4
-4 + 4 + 5 + -9
-4
What is (-1 - (0 - 3)) + -7?
-5
What is the value of (-2 - (16 + -11)) + (-1 - -4)?
-4
5 - 2 - (-2 - (2 + -9))
-2
Calculate 13 + -8 - 2 - (5 + 2).
-4
-13 + -13 + 25 - (-3 - 1)
3
What is 0 - (-6 - (-5 - -5))?
6
What is 8 + (41 - 43 - (1 - 2))?
7
Calculate 3 + (-3 - (-1 + 0)).
1
Calculate 5 + 0 - (12 + -5).
-2
What is -2 - -7 - 0 - 0 - 5?
0
What is the value of 3 - (1 - (1 + (-4 - 0)))?
-1
What is 12 - 10 - (4 - -1)?
-3
4 + (4 - 7) + -1
0
Calculate -1 - (2 - 1) - (8 + -2).
-8
What is the value of 11 + (-1 - 12) + 6?
4
What is 6 + (-7 - 5 - -1)?
-5
Evaluate -4 - 1 - (-4 - 3).
2
Evaluate 3 + 4 + -12 + 3 + -1.
-3
Evaluate -14 + (0 - (-6 + -5)).
-3
What is the value of -6 - (-3 + 4 + -2)?
-5
What is the value of -46 - -45 - (-1 + -4)?
4
What is 4 - (3 + (-5 - -3)) - -3?
6
What is the value of 0 - (3 - 1) - 1 - -3?
0
Evaluate 11 - 12 - (-2 + (3 - 1)).
-1
Calculate -2 - 2 - (2 - 15).
9
Calculate (2 - 10) + -4 - -8 - 0.
-4
What is the value of (-9 - -15) + (-4 - 6)?
-4
Calculate -5 + 10 + -7 - -4.
2
What is the value of -1 - (-3 + -2) - 6?
-2
-5 - (-2 + 0 - 4)
1
What is the value of -1 + (-4 - (4 + -3)) + -2?
-8
3 + (5 + -7 - -1)
2
9 - (-9 + 9 - (0 + -4))
5
What is the value of -2 + (-4 - -10 - 8)?
-4
What is the value of -5 - 1 - (-4 + 2 + 1)?
-5
What is -8 - -6 - (-4 + 0)?
2
7 - (0 - (-5 - 0))
2
What is the value of (-11 - -4) + 1 + 3?
-3
Calculate (-9 - -8) + (-7 - -10).
2
Calculate 3 - 5 - 0 - -5 - 2.
1
Evaluate -7 - -3 - -3 - -5.
4
Calculate (4 - -9) + -1 + (6 - 11).
7
-1 + 4 + (3 - 1)
5
Evaluate 1 + -1 + (5 - 6).
-1
What is the value of -1 + 2 - (2 - -2)?
-3
4 + -10 + (0 - -2) + 1
-3
Calculate 6 + 1 + (3 + -6 - 1).
3
Evaluate -1 + 5 + 5 + -8.
1
Evaluate (4 - (4 + 5)) + 5 - 3.
-3
-3 + 13 + -1 + -20
-11
Calculate (4 - 4) + 3 + (2 - 2).
3
What is the value of -2 - (-2 + (2 - 3))?
1
What is the value of 3 - -2 - (12 - 11)?
4
Evaluate (5 - (-3 + 6)) + 0.
2
(3 - ((-3 - -1) + 6)) + 4
3
What is the value of (1 - (-2 - -5)) + 0 - -2?
0
What is the value of -2 + 1 - (-7 + (1 - 0))?
5
Evaluate 4 - -5 - (6 + -3 + 1).
5
-3 + 7 + (-3 - 5)
-4
What is the value of (-1 - -5) + (-5 - -1) + 2?
2
Calculate 8 + -15 + 16 - (-1 + 1).
9
Calculate -3 + 9 + -3 + -8.
-5
What is the value of 1 - (-12 - (-18 - -7))?
2
Evaluate (4 + -2 - 6) + 9 + -8.
-3
Evaluate (-4 + 2 - -6) + -3 - 0.
1
What is the value of (-2 - -7 - 2) + 0 + -9?
-6
What is the value of -7 - ((6 - 29 - -7) + 4)?
5
-11 + (0 - -2) + -1 + 5
-5
What is the value of -8 - -4 - (-12 - -6)?
2
What is 4 + -1 - 1 - (8 - 1)?
-5
Evaluate -2 - ((3 - 11) + 3).
3
What is (1 - 0) + (-150 - -142)?
-7
9 + -8 + -1 - 2
-2
What is 0 + (-2 - -4) + -2 + 1?
1
What is the value of 1 + -4 + -2 + 8?
3
What is the value of 8 + 0 + -3 + 5 + -8?
2
What is -6 + -1 + 3 + 2?
-2
Evaluate 6 + 1 + -8 + -5.
-6
-4 + (2 - -2) + -5 - -6
1
-6 + -16 + 8 + 10
-4
What is the value of -2 - (3 + 2 - (3 - 0))?
-4
10 + (-6 - (-12 + 10))
6
What is the value of -8 + -1 - (36 - 45)?
0
(7 - (16 + -5)) + 6
2
-7 - 2 - (-8 - -4)
-5
What is (3 - 3) + -2 + 1 - 3?
-4
Calculate -28 + 25 + (1 - 0).
-2
What is 4 + (6 - 8 - (-1 + 2))?
1
What is the value of (-1 - -1) + (5 - 4)?
1
What is 0 - 3 - 0 - -1 - 1?
-3
What is the value of 2 - 5 - (-5 + 0 + -2)?
4
1 + -9 + -111 + 111
-8
What is the value of 12 - ((3 - -5) + 0)?
4
What is the value of 3 - 2 - (27 + -21)?
-5
What is 4 + (-1 - 4) - (-4 + 4)?
-1
What is -16 + 3 - (-33 + 26)?
-6
(0 - -1) + 5 + -4
2
What is -4 + 4 + (-4 - 1)?
-5
(-1 - 3) + -3 - -8
1
Evaluate -4 - ((-2 - 1) + 6).
-7
-15 + 7 - -15 - 10
-3
Evaluate -14 - -11 - (-2 - 1 - -3).
-3
What is the value of (15 - 15) + -2 + -1 - 1?
-4
What is (7 - 3) + -7 + (-4 - -3)?
-4
4 + -8 - (-2 + -3)
1
Evaluate 1 + -3 - (2 + -5 + 0).
1
0 + (-1 - 3) + 0
-4
What is (11 + -5 - 7) + 6?
5
Evaluate 0 - -1 - (-10 - -10).
1
6 + 2 + -14 + 4
-2
Calculate -1 + (1 - 1) + 58 + -52.
5
-1 - (-9 - -4 - -11) - -4
-3
-1 - 5 - (0 - 10) - -3
7
What is the value of (6 - (-8 + 5)) + -6 + -1?
2
Calculate 2 + -4 - (4 - 5).
-1
What is the value of -4 + 3 - 4 - (-21 - -20)?
-4
-4 + 3 + -2 + 8
5
What is (-8 - -1 - -8) + -10?
-9
Evaluate 0 - (-6 - (0 - -2 - 3)).
5
Calculate 4 + (2 - 1 - 5).
0
Evaluate (-2 - (-4 - (2 + 0))) + -3.
1
Evaluate -4 + 9 - (6 - (3 + -2)).
0
What is -2 + -2 - (-12 - -6)?
2
What is the value of -3 - (-1 - ((-2 - -7) + -4))?
-1
Calculate -1 - ((-8 - -6) + 5).
-4
Calculate -11 + 3 + 5 + -1 + -4.
-8
What is -6 + 13 + 3 + -4 + -1?
5
-3 - (-1 + (2 - -2) + -7)
1
Calculate 2 - (4 - 5) - 9.
-6
8 + 4 - 14 - (1 - 9)
6
Calculate 0 + 4 - (5 + 0 + -1).
0
What is 6 + -3 - 3 - 0?
0
Evaluate 1 - (4 + 1 + -4).
0
What is the value of -2 + 15 + -6 + -10?
-3
-1 - (8 + -5 + -7)
3
What is the value of 7 + -6 + 3 - (0 - -1)?
3
30 + -25 - (2 - 6)
9
Evaluate (-7 - -2) + (6 - -3).
4
Calculate (-5 - (-6 + 5)) + 5.
1
5 + (2 - (1 - -4))
2
Calculate 6 + -4 + (-2 - -4 - -2).
6
Calculate 5 - (3 - (-5 + 1)) - -2.
0
What is 8 - (-8 + 4 + 4 - -3)?
5
Calculate (1 + 0 - 4) + 11 + -8.
0
What is -7 + 14 + -4 + -8?
-5
What is (-12 - -27) + -2 - 3?
10
What is -3 + 1 + -2 + -3 + 4?
-3
12 - (11 - (8 - 2))
7
What is 10 - (1 + 0 - 2)?
11
-1 + (3 + 7 - -4 - 7)
6
Evaluate (4 - 2) + -1 + -1.
0
Evaluate 19 + -1 - 11 - (2 - -2).
3
Evaluate 1 - 5 - (-5 - 2).
3
What is -3 + (0 - (-7 - 0))?
4
Calculate (0 - 3) + 4 - 5.
-4
What is the value of -6 + 9 + 0 - 8?
-5
Evaluate (6 - 3) + -3 + 8.
8
Calculate (11 - -1) + -21 + 14.
5
-6 - (-3 - -7 - 5)
-5
Evaluate -11 + (3 - (4 + -1 - 5)).
-6
What is (3 - -2) + -4 + -6?
-5
7 - (0 - (0 + -2))
5
Evaluate 9 - -4 - (12 - (-1 - -7)).
7
8 + (-13 - -3) + 0 + -1
-3
Calculate -1 + -3 + 15 + -5.
6
Evaluate (-2 - -3) + -14 + (-4 - -9).
-8
(-2 - 4) + 5 - 1
-2
(5 - (-3 + 5)) + -5
-2
Calculate 0 + -6 - (9 + -22 + 5).
2
What is (7 - 2) + (13 - 12)?
6
What is (3 - -1) + (11 - 15)?
0
(0 - -3) + (3 - (6 - 5))
5
What is (1 - (-4 - -4)) + 19 + -26?
-6
Calculate 0 - (-1 + (-3 - -7) + 0).
-3
Evaluate -4 + (3 - 2) - 3 - -3.
-3
What is 2 - (2 + -1) - (61 + -64)?
4
(5 - 8) + (-2 - -2)
-3
Evaluate 3 + 0 + 3 + -7 - 4.
-5
What is the value of 0 - (-5 - (2 - 7))?
0
(-1 - 0 - -1) + 40 + -35
5
Evaluate -4 + 0 + (-2 - -4) + 4.
2
(1 - 2) + -6 + (3 - -6)
2
Calculate (-2 - -2 - 4) + 0.
-4
Evaluate -6 + (-2 + (-7 - -6) - 0).
-9
Calculate (0 - 6) + 4 + 6 - -2.
6
Evaluate -6 - ((-10 - -6) + (-3 - 0)).
1
Calculate 5 + -3 + -1 + 14 + -11.
4
What is -5 + -6 + 5 + 11?
5
Calculate 7 + (2 - 3) - 6.
0
0 - 0 - (-1 - (-4 + 5))
2
Evaluate 2 + -13 + 72 + -63.
-2
Calculate 0 + (-8 - (-3 - (0 + 0))).
-5
What is -9 - -2 - -2 - (-21 - -18)?
-2
-1 + 2 + 7 + -4
4
What is the value of 7 + (-5 - -3) + -1 - 7?
-3
1 + (-2 - (2 + 2))
-5
What is the value of 6 - (5 + (0 - -6) - 6)?
1
-6 + (-2 + 0 - -9)
1
What is the value of 0 + 0 - (10 + -8 + 4)?
-6
(2 - 0) + (13 - 3 - 16)
-4
Evaluate -3 - (-4 - (-3 + 3) - -3).
-2
Calculate -3 + -3 - 1 - (-7 + 1).
-1
(8 + -8 - (2 + -2)) + 5
5
What is the value of (-2 + -2 - -2) + -83 + 81?
-4
-3 - (-10 + 11 + 4)
-8
What is the value of 7 + (10 - (3 + 11))?
3
What is -7 - 4 - -5 - -4 - 0?
-2
What is (1 - -9) + -3 + -4?
3
What is -6 - (-3 + (-8 - -3))?
2
Calculate -4 + (-5 + 4 - -7).
2
Calculate (-4 - (-9 - -6)) + 2 + -5.
-4
Evaluate 4 - (-1 - (4 + -7)).
2
What is the 